2 + 2).
-15
What is 161 + 2 + (5455 - 5580)?
38
-4 + 14 - (-41 - (-2 - 19))
30
What is -14 + -8 + 14 - (-2 - (-6 + 8))?
-4
What is the value of -11 + -1 - (42 - (3 + (19 - 8)))?
-40
-6 - -3 - 1 - (-46 + 81)
-39
What is -24 + (11 - -12) + 39 + -56?
-18
Calculate 50 + (-66 - (-34 + 77)).
-59
Calculate 34 - (-24 + 21 + (2 - 65)).
100
-47 - (-1 + (21 - 23) + -10 + 10 + -1)
-43
Evaluate 0 + (22 + -1 - 47) + 12.
-14
Evaluate -3 + -3 - (-15 - (-9 - 14 - -3)).
-11
What is -5 + 2 + 41 + -64 + 40 + -66?
-52
3 + 38 + (0 - 4) + 4 + -16 + 12
37
What is the value of 741 + -752 + 1 + 10 - -13?
13
Calculate -59759 + 59772 - (-42 + (1 - (3 - -2)) + 2).
57
5 + -4 + (0 - -10) - (-2 + 18) - 38
-43
What is (-7 - -53) + -48 + -32?
-34
Calculate -9 + 1 - ((20 - 17) + -9 - 8).
6
Calculate 3 + -17 + (38 - (-79 - -29 - -190)).
-116
Evaluate 103 - ((53 - -118) + -81).
13
Evaluate (43 - 6) + (-37 - -72) + -16.
56
What is the value of 3 + 8 + (12 - 32 - -26) + -15?
2
Evaluate 103 - (19 + -28 - -14 - (-11 + -3)).
84
What is the value of (-14 - -9 - 8 - -28) + -8 + -7?
0
What is -112 - (36 - 30) - (8 + -3 + -3)?
-120
Evaluate -26 + 44 - 16 - 12 - -23.
13
Evaluate 268 - 250 - (50 - (7 - 17)).
-42
Evaluate 674 + -736 - (-1 + -84).
23
What is the value of 129 - (2 - 101 - -298)?
-70
What is the value of 13 + (2 - (-6 + 9) - (12 - 23))?
23
Calculate 45 - (2 - -32) - (11 + -1) - -74.
75
0 + -1 - (-11 - -1 - (-60 + 50))
-1
What is the value of 77 - 21 - 9 - 35?
12
Evaluate (5 - -5) + 4 + -32 + 38 - -4.
24
What is the value of -17 - ((-115 - -2) + 42)?
54
What is 44 + 27 + -22 - 4?
45
Evaluate (-48 - -55 - (4 - -18)) + (-84 - 5) + 7.
-97
What is -7 - (-3 - (3 - 3)) - -9 - (-24 - -14)?
15
What is -11 - -3 - (11 + -10 - (-23 - -18)) - -9?
-5
Calculate 0 - (17 + 4 - 8) - (-4 - (-1 - -4)).
-6
What is 60 - (-38 + -19 + 95)?
22
-21 + 39 - 9 - ((1 - -77) + (8 - 9))
-68
-13 + (5 - (-3 + -5)) + (95 - (9 + -14))
100
Evaluate (-2 - -57) + (3426 - 3383).
98
Evaluate -12 - (-22 + (6 - -4) + 19) - 14.
-33
Calculate 30 - (172 - 145 - (-4 - -40)).
39
What is -18 - (7 - (14 + (7 - 5) - 11 - 1))?
-21
-30 - ((1 - 12) + 50 + -130)
61
(48 - 117) + (13 + 11 - 12 - 0)
-57
What is the value of 68 + (-172 - -187 - (17 + -2))?
68
(11 - 2) + (35 - (41 + -23))
26
38 + (78 + -102 - 15)
-1
Calculate (11 + (-15 + 1 - 1) - 5) + -2 + -68.
-79
(152 - 32 - 34) + (6 - 15) + 0
77
Evaluate 1 + 53 + 39 + -1 + -7 + -22.
63
What is (-29 - (-77 + 20)) + -20 - (1 - (-24 - -2))?
-15
-78 - (-72 + (-7 - -17) + 35)
-51
What is -45 + (-18 - 0 - (3 + (-27 - -11)))?
-50
Evaluate 0 - -7 - (40 + -22 + -16 + -13).
18
What is the value of (0 - 9) + (7 - 8) - (32 - 38)?
-4
What is the value of 0 + -7 + (22 - 34) + 22 - (-25 - -97)?
-69
(0 + 0 + 1 - (-350 + 345)) + 51
57
What is the value of -62 + (67 - 39) + 65?
31
What is the value of (25 - (-41 - -72)) + (9 - -3)?
6
Evaluate (-31 - (-26 + -42)) + 5.
42
Calculate (-38 - (-179 - -137)) + 26.
30
Calculate 3 + 2 + -83 + -1 + (-241 - -238) - -8.
-74
What is the value of 114 + (-45 - -39) - 113?
-5
What is -40 + -93 + (-622 - -705)?
-50
What is 16 + 11 + 3 + (-8 - -6)?
28
-65 + -12 + -339 + 420
4
Evaluate 100 + (-29 - -92 - 98).
65
-7 + 59 + -53 + -53
-54
Calculate -1 + 75 - (-108 - -99 - -31).
52
What is 25 + 183 + -115 + -181?
-88
Evaluate 20 - (-79 - 18) - 74.
43
Calculate 18 - 22 - -18 - 14 - (20 + -5).
-15
-8 + (30 - (-5 + 26 + -11 - (19 - 0)))
31
What is -39 + (-62 - -71) + -38?
-68
Evaluate (-6 - -19) + (13 - ((-6 - 11) + -6)).
49
What is the value of (18 - 0) + 128 + -112 - 21?
13
What is 12 + -19 - (-46 - (-20 + -11))?
8
Calculate -19 + 8 - (-20 - (-23 + 13)) - -12.
11
Calculate -103 + -1 - (-5369 - -5237).
28
50 + -44 + (-2 - (9 + (4 - 8) - 2))
1
(30 - (-3 + 18)) + (8 - -1 - 54)
-30
What is the value of (1 - 0 - (8 + -19)) + 15 + 27 + -1?
53
What is the value of 157 + -64 - (-1 + 10 + -3)?
87
What is 10 - -41 - (5 + -18) - -15?
79
What is the value of (2199 - 2131) + (1 - (0 + 4)) + -13?
52
What is (31 - (-101 - 20)) + -203?
-51
45 + -93 + -2 - -18
-32
What is 9 + 16 + (-3 - 2) + 21?
41
21 + (-2 - -19) + (116 - 186)
-32
-203 + 208 + -9 + -2 + 2
-4
Evaluate (-57 - (-7 + -12) - -24) + (2 - 15).
-27
What is the value of 54 + (21 - 54 - 14)?
7
Evaluate 12 + -29 + 1 - -18 - (-3 + 19).
-14
Evaluate -4 - (79 + -32 - 41).
-10
Evaluate 8 + -1 - (-2 - (5 + -9) - -59 - 9).
-45
What is -615 + 488 - (-15 + -76)?
-36
What is the value of -53 + 52 + (-13 - (-11 + 18 + 0))?
-21
What is (-9 + 12 + 0 + 5 - -58) + -17?
49
Evaluate -9 - 1 - (-67 - -25 - -47).
-15
5 + -5 + -20 + 13 - (-5 + 24)
-26
Calculate 81 + 0 - (-392 + 158 - -282).
33
1 + (-5 - -23) + 18 - (-9 - (-2 - -1))
45
What is the value of 4 + (-29 - -41) + -2?
14
What is the value of (-26 - (-28 + 48)) + (-2 - 5)?
-53
What is (3 - -5) + 25 - (-2 + 14 - (12 + 2))?
35
What is 129 + (-43 - 8) - 9?
69
Calculate 12 + -15 + -8 + 20 - (28 + 4).
-23
Calculate -70 - (-44 + 44 - 73).
3
Calculate -51 - (37 + -36) - -75.
23
What is the value of (129 + -47 - 70) + 1 + -51?
-38
-11 + (1 - 0) + -3 - (122 + 105 - 197)
-43
4 + 23 - 27 - (-58 - -15)
43
What is (2 - 30) + -9 - (18 + -20 + 7)?
-42
What is (6 + -17 - 2 - -1) + -9 - 41?
-62
What is the value of (-7 - -1) + (24 - (12 - -12)) + 11 + -21?
-16
Evaluate (46 - 7) + (-16 - -21 - (-5 + 11)).
38
What is (0 - 10) + (21 - (11 - (71 - 46)))?
25
What is the value of (-56 - -66) + (-55 - (16 + -1))?
-60
What is the value of (4 - 2) + (39 - -29 - 37 - 120)?
-87
Evaluate -4 + (9 - (35 + -33)).
3
What is the value of 13 + (-54 - (-15 - 17))?
-9
Calculate -18 - (12 - 71) - 77.
-36
What is 1 + -28 - (0 + 12 + (-6 - 17))?
-16
What is the value of 181 + -143 - (7 - 11 - -18)?
24
-126 + -1 + -1044 + 1073
-98
Evaluate 129 + 13 + -44 + -2 + 9.
105
What is the value of (-1 - (11 + (2 - 21))) + -10 + -17?
-20
What is the value of -15 - (-1 + -7 - (24 - -3 - 32))?
-12
(-5 - (-9 + 17)) + 17 + (36 - 1)
39
Evaluate 2 + -31 + (9 - 29 - -29) - -8.
-12
What is the value of (3602 - 3631) + -1 + 32?
2
6 + (-3 + 5 - -1 - -1) - (-230 - -244)
-4
Evaluate -12 + 11 + -7 + -61 + (9 - (4 + -7)).
-57
Evaluate -13 - ((4 - 9 - 50) + 2).
40
What is -333 + 90 - -62 - -133?
-48
-3 + -6 + -12 + (13 - (-14 - -11)) - -8
3
What is the value of 26 + (14 - 6) - (5 - 9 - (-13 + 18))?
43
What is the value of -27 - (16 - (71 + 25))?
53
What is the value of -1 - (35 - 149 - -158)?
-45
Calculate 32 + -58 + 72 + -30 + -97.
-81
33 - (-19 + (-11 - (-31 - -15) - (-4 + -1)))
42
Evaluate (37 - 36) + -23 - -46.
24
What is the value of -19 - (73 + (-2 - -18) + -31)?
-77
What is the value of 4 - (2 + (41 - 49) - (0 + 2 - 17))?
-5
-68 - (-69 + 42 - (-15 - 0))
-56
(-73 + 106 - 65) + (1 - -1) + -14
-44
What is -69 - (-21 + 7 + -39)?
-16
What is the value of -114 - (-94 - 92) - -59?
131
(3179 - 3186) + 0 + -98
-105
Evaluate 14 + -57 - (6 + -10 + 8 - 16).
-31
Evaluate -32 + (-4 - 1) + (12 + 17 - 17).
-25
What is ((-1 - 3) + -18 - (-370 - -239)) + -21?
88
What is 250 + -117 + -173 + -87?
-127
Calculate -59 - (31 - (12 + 14 + 5 - 20)).
-79
Evaluate (13 + -2 - 9) + (7 - -4) + -19.
-6
(-20 - -3) + -50 + -24 + 10
-81
What is the value of (-35 - -4 - 0) + (-1203 - -1246)?
12
(-1 - 9) + (-61 + 58 - -7) + 32 + -1
25
Evaluate 3 - 0 - -10 - (28 - 28 - (-1 - 2)).
10
What is the value of -7 + -14 + (13 - 4) + (-15 - -5 - -10)?
-12
What is the value of -16 + 14 + -11 + 25 + -20?
-8
Evaluate -12 + (164 - 2) - (46 + -5).
109
What is -29 + (117 - 69) + (1 - 4 - -33)?
49
Evaluate 56 + 0 + 1 - 1 - ((-33 - -53) + -10).
46
Evaluate 0 - (16 - -4 - (-10 - (0 - 15 - 2))).
-13
-16 - ((0 - 36) + (1761 - 1858))
117
Calculate (-3 - -78) + -59 - (-12 + 59).
-31
Calculate -7 - -4 - (-330 - -348 - (76 + 0)).
55
0 - -6 - (-27 - (-15 + -17 + 5))
6
Evaluate -34 + (56 - -119) + -5.
136
What is -47 - ((-3 - (8 + -6)) + (2 - 2))?
-42
What is the value of -79 + (61 - 66 - -4)?
-80
What is the value of 78 + -117 + 244 + -131?
74
Evaluate (-1 + 3 - (9 - (10 + 5))) + 7 + 2.
17
What is -11 + 33 + 13 + -100 + 36?
-29
What is the value of 21 + 50 - -23 - (-22 + (-5 - -5))?
116
What is the value of (-38 - -5) + -435 + 491?
23
Evaluate 131 - 100 - (13 + (11 - 3)).
10
What is the value of 41 + -76 + -3 + -5 + 148?
105
Evaluate 1 + 130 + -218 + 145.
58
What is (144 - 50 - 80) + (4 + -1 + -4 - -14)?
27
Ev